{"id":1183,"date":"2023-03-14T11:43:45","date_gmt":"2023-03-14T10:43:45","guid":{"rendered":"https:\/\/csmalagasy.org\/?page_id=1183"},"modified":"2023-03-14T11:50:18","modified_gmt":"2023-03-14T10:50:18","slug":"esport-tournoi-csm-2023","status":"publish","type":"page","link":"https:\/\/csmalagasy.org\/index.php\/esport-tournoi-csm-2023\/","title":{"rendered":"eSport"},"content":{"rendered":"<p>[Tournoi CSM 2023] &#8211; eSport \u00ab Mario kart \u00bb \ud83d\udd79\ufe0f<\/p><p>Pour notre 1er tournoi eSport CSM, on ne pouvait pas choisir un meilleur jeu que \u00ab Mario Kart \u00bb sur Switch \ud83c\udfae<br>Ce jeu repr\u00e9sente bien l esprit\/l\u2019ambiance que le CSM souhaite v\u00e9hiculer : se retrouver autour d\u2019une activit\u00e9, accessible \u00e0 tous sans distinction, et que la comp\u00e9tition soit aussi importante que le fun.<br>Le Tournoi eSport sur Mario Kart sera donc accessible \u00e0 tous les gamers et apprentis gamers (d\u00e8s 7 ans) sur le site d Elisabeth Riffiod \u00e0 partir du samedi apr\u00e8s-midi.<\/p><p class=\"has-vivid-green-cyan-background-color has-background\">Les courses se joueront sur le jeu Mario Kart 8 Deluxe \u00e9dit\u00e9 par Nintendo.<br>La Plateforme sera la Nintendo Switch.<br>Pour chaque session de qualification, le nombre de participants sera limit\u00e9 \u00e0 16 places. (Nombre de places indiqu\u00e9es \u00e0 titre indicatif. Le CSM se r\u00e9serve le droit d\u2019augmenter ou diminuer le nombre de participants sans que cela ne puisse donner lieu \u00e0 r\u00e9clamation).<br>Chaque session de qualification verra 4 joueurs concourir en mode multi-joueurs. Les 2 premiers seront qualifi\u00e9s pour le tour suivant.<\/p><p><strong>Planning :<\/strong><br>Qualification : Samedi 08\/04\/23 de 18h00 \u00e0 20h00 et Dimanche 10h00 \u00e0 11h00.<br>Phase finale : dimanche \u00e0 partir de 11h00.<br>Frais de participation : 5\u20ac. <br>Chaque joueur peut s\u2019inscrire autant de fois qu\u2019il le souhaite pendant la phase de qualification sauf s&#8217;il est deja qualifi\u00e9 pour le tour suivant.<\/p><p><strong>Inscription ci-dessous ou sur place.<\/strong><\/p><figure class=\"wp-block-image size-large\"><img loading=\"lazy\" decoding=\"async\" width=\"1024\" height=\"1024\" src=\"https:\/\/csmalagasy.org\/wp-content\/uploads\/2023\/03\/affiche-mario-1024x1024.jpg\" alt=\"\" class=\"wp-image-1184\" srcset=\"https:\/\/csmalagasy.org\/wp-content\/uploads\/2023\/03\/affiche-mario-1024x1024.jpg 1024w, https:\/\/csmalagasy.org\/wp-content\/uploads\/2023\/03\/affiche-mario-300x300.jpg 300w, https:\/\/csmalagasy.org\/wp-content\/uploads\/2023\/03\/affiche-mario-150x150.jpg 150w, https:\/\/csmalagasy.org\/wp-content\/uploads\/2023\/03\/affiche-mario-768x768.jpg 768w, https:\/\/csmalagasy.org\/wp-content\/uploads\/2023\/03\/affiche-mario-600x600.jpg 600w, https:\/\/csmalagasy.org\/wp-content\/uploads\/2023\/03\/affiche-mario-100x100.jpg 100w, https:\/\/csmalagasy.org\/wp-content\/uploads\/2023\/03\/affiche-mario.jpg 1080w\" sizes=\"auto, (max-width: 1024px) 100vw, 1024px\" \/><\/figure><h1 class=\"has-small-font-size wp-block-heading\"><strong>#tournoicsm #esportmalagasy<\/strong> <strong>#mariokart<\/strong><\/h1>","protected":false},"excerpt":{"rendered":"<p>[Tournoi CSM 2023] &#8211; eSport \u00ab Mario kart \u00bb \ud83d\udd79\ufe0f Pour notre 1er tournoi eSport CSM, on ne pouvait pas choisir un meilleur jeu que \u00ab Mario Kart \u00bb sur &hellip; <a href=\"https:\/\/csmalagasy.org\/index.php\/esport-tournoi-csm-2023\/\" class=\"more-link\">Read More<\/a><\/p>\n","protected":false},"author":3,"featured_media":0,"parent":0,"menu_order":0,"comment_status":"closed","ping_status":"closed","template":"","meta":{"ngg_post_thumbnail":0,"footnotes":""},"class_list":["post-1183","page","type-page","status-publish","hentry","entry"],"jetpack_sharing_enabled":true,"_links":{"self":[{"href":"https:\/\/csmalagasy.org\/index.php\/wp-json\/wp\/v2\/pages\/1183","targetHints":{"allow":["GET"]}}],"collection":[{"href":"https:\/\/csmalagasy.org\/index.php\/wp-json\/wp\/v2\/pages"}],"about":[{"href":"https:\/\/csmalagasy.org\/index.php\/wp-json\/wp\/v2\/types\/page"}],"author":[{"embeddable":true,"href":"https:\/\/csmalagasy.org\/index.php\/wp-json\/wp\/v2\/users\/3"}],"replies":[{"embeddable":true,"href":"https:\/\/csmalagasy.org\/index.php\/wp-json\/wp\/v2\/comments?post=1183"}],"version-history":[{"count":6,"href":"https:\/\/csmalagasy.org\/index.php\/wp-json\/wp\/v2\/pages\/1183\/revisions"}],"predecessor-version":[{"id":1226,"href":"https:\/\/csmalagasy.org\/index.php\/wp-json\/wp\/v2\/pages\/1183\/revisions\/1226"}],"wp:attachment":[{"href":"https:\/\/csmalagasy.org\/index.php\/wp-json\/wp\/v2\/media?parent=1183"}],"curies":[{"name":"wp","href":"https:\/\/api.w.org\/{rel}","templated":true}]}}