{"id":1546,"date":"2025-04-16T22:39:25","date_gmt":"2025-04-16T20:39:25","guid":{"rendered":"https:\/\/csmalagasy.org\/?post_type=product&#038;p=1546"},"modified":"2025-04-16T22:41:30","modified_gmt":"2025-04-16T20:41:30","slug":"t2d-joueur-volleyball-supp-sport-collectifs","status":"publish","type":"product","link":"https:\/\/csmalagasy.org\/index.php\/produit\/t2d-joueur-volleyball-supp-sport-collectifs\/","title":{"rendered":"T2D &#8211; Joueur Volleyball supp- Sport collectifs"},"content":{"rendered":"<p><strong>Tournoi C.S.M. 2025<\/strong>&nbsp;\u00e0 <strong>Orl\u00e9ans<\/strong> (Centre Val de Loire)<\/p>\n<p>Joueur(s) de <b>Sport Collectif&nbsp; Volleyball&nbsp; <\/b>dispo pour constituer\/compl\u00e9ter&nbsp; une \u00e9quipe .<\/p>\n<blockquote><p>1 licence joueur*.<\/p>\n<p>A multiplier par le nombre joueurs \u00e0 inscrire.<\/p><\/blockquote>\n<ul>\n<li>* Licence&nbsp; rembours\u00e9e si pas d&#8217;\u00e9quipe.<\/li>\n<\/ul>\n","protected":false},"excerpt":{"rendered":"<p>Compl\u00e9ter votre dossier d\u2019inscription ou t\u00e9l\u00e9charger un nouveau \u00e0 la fin de la transaction.<\/p>\n<p>Dossier \u00e0 nous renvoyer compl\u00e9t\u00e9 par mail<\/p>\n","protected":false},"featured_media":1131,"template":"","meta":{"ngg_post_thumbnail":0},"product_cat":[16,21],"product_tag":[17],"class_list":{"0":"post-1546","1":"product","2":"type-product","3":"status-publish","4":"has-post-thumbnail","6":"product_cat-tournoi-de-la-diaspora","7":"product_cat-t2d-volley-ball","8":"product_tag-sport-collectif","9":"entry","11":"first","12":"instock","13":"downloadable","14":"virtual","15":"purchasable","16":"product-type-simple"},"jetpack_sharing_enabled":true,"_links":{"self":[{"href":"https:\/\/csmalagasy.org\/index.php\/wp-json\/wp\/v2\/product\/1546","targetHints":{"allow":["GET"]}}],"collection":[{"href":"https:\/\/csmalagasy.org\/index.php\/wp-json\/wp\/v2\/product"}],"about":[{"href":"https:\/\/csmalagasy.org\/index.php\/wp-json\/wp\/v2\/types\/product"}],"wp:featuredmedia":[{"embeddable":true,"href":"https:\/\/csmalagasy.org\/index.php\/wp-json\/wp\/v2\/media\/1131"}],"wp:attachment":[{"href":"https:\/\/csmalagasy.org\/index.php\/wp-json\/wp\/v2\/media?parent=1546"}],"wp:term":[{"taxonomy":"product_cat","embeddable":true,"href":"https:\/\/csmalagasy.org\/index.php\/wp-json\/wp\/v2\/product_cat?post=1546"},{"taxonomy":"product_tag","embeddable":true,"href":"https:\/\/csmalagasy.org\/index.php\/wp-json\/wp\/v2\/product_tag?post=1546"}],"curies":[{"name":"wp","href":"https:\/\/api.w.org\/{rel}","templated":true}]}}